4166 + 5050. What is the greatest common factor of 544 and r?
68
Let o = 46 + -23. Let k = -184 - -185. Let x(t) = 115*t**3 + t**2 + 3*t - 4. Let u be x(k). Calculate the highest common divisor of o and u.
23
Suppose 3*a + s = 1757, -a - 20*s = -16*s - 593. Calculate the greatest common factor of a and 144.
9
Suppose 12 = -2*v + 3*v. Let z(d) = d - 52. Let a be z(-18). Let b = a + 74. Calculate the greatest common factor of b and v.
4
Suppose 3*m - 3 = 0, 5*m + 2664 = -15*y + 16*y. Let b = 3782 - y. What is the highest common factor of 21 and b?
21
Suppose 9368 + 142852 = 129*h. What is the greatest common factor of 16 and h?
4
Let h = 840 - 627. Calculate the greatest common divisor of 3 and h.
3
Suppose -f - 3*a - a - 8 = 0, 2 = 2*f - a. Suppose f = 7*w - 9*w + 14. Suppose w*z - 2054 = 25. What is the highest common divisor of 27 and z?
27
Suppose -11 = 17*n + 6. Let l(j) = 51*j**2 + 12*j + 13. Let p be l(n). Calculate the highest common factor of 13 and p.
13
Let d(c) = 2*c**3 + 61*c**2 + 27*c - 90. Let i be d(-30). Suppose 5*k + 5*m - 11 - 64 = i, 0 = 4*k - 2*m - 72. What is the greatest common factor of k and 289?
17
Suppose -25*v = -23*v + 3*f - 511, -v = -3*f - 233. Suppose 5980 = v*r - 235*r. Calculate the highest common divisor of 276 and r.
92
Let x be (18/(-6) - -7) + 27. Let y = x + -28. Let v(i) = i**2 - 9*i + 11. Let f be v(8). Calculate the greatest common factor of f and y.
3
Let j(c) = c**2 - c**3 + 31*c - 2*c**2 + 12*c**2 + 17 + 0*c**2 - 7*c**2. Let t be j(8). Calculate the highest common factor of 12 and t.
3
Suppose 197*u + 5107 = 198*u + 3*f, f - 15313 = -3*u. What is the greatest common factor of u and 528?
176
Suppose -2*f = f + 2*q - 148, 5*q - 71 = -f. Suppose 43*i - f*i = 0. Suppose 6*u - 14 - 130 = i. Calculate the greatest common divisor of 4 and u.
4
Suppose 27*a = 3*d + 28*a - 6903, 4*a + 11505 = 5*d. Calculate the highest common divisor of d and 118.
59
Let t = 10387 + -9127. Calculate the greatest common factor of 1440 and t.
180
Suppose -9*d - 13 = -94. Suppose h + 2*h - 5*i = 412, -5*h + 3*i + 708 = 0. Calculate the greatest common factor of d and h.
9
Let z be 9*(-1)/(-3)*(-14278)/(-66). What is the highest common divisor of z and 44?
11
Let o(y) = 322*y + 6461. Let k be o(-20). Calculate the highest common factor of 1246 and k.
7
Let b(z) = -55*z**2 + 13 - 45*z**2 + 3 + 114*z**2 + 3*z + 2*z**3. Let o be b(-6). Suppose -40 = -2*j - 12. What is the greatest common factor of o and j?
14
Let p(u) be the third derivative of -3*u**4/8 + u**3/2 - 2*u**2 - 2. Let m be p(-1). Calculate the greatest common divisor of m and 84.
12
Let a(u) = -26*u. Suppose 0 = -2*z + 2*j + 32, 0 = 5*z - j - 14 - 58. Suppose 12*t = z*t + 4. Let g be a(t). Calculate the greatest common factor of g and 78.
26
Let s = 2455 - 2451. Let t(q) = q**2 + 7*q + 9. Let m be t(-6). Calculate the highest common factor of m and s.
1
Let x(n) = -n**3 + 27*n**2 + 37*n - 15. Let c be x(25). Suppose -v = -5*v + c. Suppose -10*h + v = -h. Calculate the highest common divisor of h and 6.
6
Let a = 250 - 142. Let t be (1 + 1)/((-770)/(-45) + -17). What is the highest common divisor of t and a?
18
Suppose 0 = -2*d + 70 - 36. Suppose -104 = -d*i + 15. What is the greatest common factor of i and 203?
7
Suppose 0 = -2*y + 2 + 4. Suppose -9 = -3*u + y. Suppose -3*o + 132 = -0*o - 3*b, -2*o + 80 = -u*b. What is the greatest common factor of o and 12?
12
Let n(p) = -4*p**2 - 91*p - 85. Let s be n(-1). Let q be -1 - 6/(-2) - -3. Calculate the greatest common factor of s and q.
1
Suppose 4*t - 924 = 2*c, c - 180 = -2*t + 274. Let l = 292 - t. Calculate the greatest common divisor of l and 945.
63
Let f(p) = 11*p**2 + 7*p - 18. Suppose -27*l + 63 + 99 = 0. Let c be f(l). Calculate the greatest common divisor of 15 and c.
15
Let v be 205/41 - (1 + 1*-1). Let j be 5/((5 - 0)/v). Suppose 4*y + 5*f - 34 = 3*f, 4*y + j*f = 37. What is the highest common factor of y and 88?
8
Suppose 0 = -5*i + 3*m + 80, -7 + 16 = i - 2*m. Suppose -2*w = 3*p - 16, -i*w + 4*p = -15*w - 32. What is the highest common factor of w and 8?
8
Let o be 935/45 - (-16)/72. Let b be o/2*46/69. What is the highest common factor of 287 and b?
7
Let r = -785 - -796. What is the greatest common divisor of 803 and r?
11
Suppose 7*v - 8*v - 3 = 4*r, 5*r + 9 = -3*v. Let z be (9 + -3)*(r + 120/9). Let b(y) = 10*y. Let w be b(2). Calculate the highest common divisor of w and z.
20
Let k be (-1)/(3 - 391/130). Suppose 4*t - 13 = -5, 2*a = t + k. What is the greatest common divisor of 594 and a?
66
Suppose 2*z - 88 = -2*z. Let o be (291/776)/(12/64). Calculate the greatest common divisor of z and o.
2
Let v be 7*(-4)/((-134)/(-603)*7/(-2)). Calculate the highest common factor of v and 9600.
12
Suppose 6*h - 3*h + h - 2492 = 0. Calculate the greatest common divisor of 7 and h.
7
Let s be 18/((-9)/(-1)) - -3. Suppose 0 = -0*f - 4*f - 3*p + 2542, 0 = -s*f - 2*p + 3181. What is the highest common divisor of 13 and f?
13
Let i = -9071 - -9137. Calculate the greatest common factor of 1804 and i.
22
Let d(x) = x**2 + 11*x + 29. Let j(t) = -t**2 + 2*t + 6. Let n be j(5). Let y be d(n). What is the greatest common divisor of y and 11?
11
Let r be 4*14/32*-4. Let f be ((-236)/r - 6) + 2/7. Suppose -f*h + 24*h + 840 = 0. What is the greatest common factor of h and 30?
30
Let n = -81 - -184. Let k = -105 + n. Let y be (-1 - 9/(-5))*(-165)/k. Calculate the highest common divisor of y and 88.
22
Let d = -248 + 252. Suppose -k - 363 = -d*i - 0*i, -2*i = 3*k - 171. What is the greatest common factor of i and 150?
30
Let c be ((-2)/3)/((-322)/11109). Suppose t = -j + 19, 5*t - 9 = -29. Calculate the highest common divisor of c and j.
23
Suppose 0 = 5*d + 3*l - 40400, d - 4*l - 8088 = -3*l. Let y be (-48)/168 + d/(-7). Let q be 6/4 + y/(-14). Calculate the greatest common divisor of 36 and q.
12
Suppose -52*d + 53*d - 9 = 0. Suppose 0 = -2*h - d*h + 3069. What is the highest common factor of h and 9?
9
Suppose 0 = -3*w - 3*m + 1701, 0 = 3*w - 2*m - 746 - 970. What is the highest common factor of 228 and w?
114
Let c(v) = v**3 - 14*v**2 - 10*v + 33. Let x be ((-2)/(-1))/((-26)/(-195)). Let w be c(x). Calculate the greatest common divisor of w and 54.
54
Let q(m) = -m**3 + 24*m**2 - 10*m + 357. Let v be q(24). Calculate the highest common factor of 13 and v.
13
Let b = -7424 - -7434. Calculate the greatest common factor of b and 15.
5
Let x(j) = -j**3 + 9*j**2 - 20*j + 12. Suppose 2 - 26 = -4*c. Let t be x(c). Suppose -n + t = -3. What is the greatest common factor of n and 3?
3
Let k(a) = 13*a + 307. Let h be k(-18). Calculate the highest common divisor of h and 949.
73
Let l be (16 + 308/(-8))*80/(-36). Calculate the greatest common factor of 5270 and l.
10
Let u(s) = s**2 + 8*s + 11. Let p be u(-2). Let x(g) = 237*g**2 - 6*g - 5. Let b be x(p). What is the highest common factor of 17 and b?
17
Let q(l) = l**2 + 3*l + 21. Let k be q(-9). Let m = -65 + k. What is the greatest common divisor of m and 130?
10
Let w be (200/32 - 6) + 107994/24. What is the greatest common factor of w and 360?
180
Let o be 566/(-7) - (-10)/(-70). Let y = 100 + o. Let t(s) = 11*s**2 + 4*s + 2. Let w be t(-2). Calculate the greatest common factor of w and y.
19
Suppose 0 = -4*i - 12, -5*x = -5*i + 26 - 41. Suppose -a + 8 + 9 = x. Calculate the highest common factor of a and 187.
17
Let v = -783 - -821. Let p be (-24)/15*(-15)/6. Let x be 19*12*6/p. What is the greatest common factor of v and x?
38
Let y = -964 + 1360. Suppose -184 = -4*j - 5*t, -581*j + t - 116 = -584*j. Calculate the greatest common divisor of y and j.
36
Let l(r) = -2*r**3 - r**2 + 123*r + 448. Let x be l(-4). Calculate the highest common factor of x and 5508.
68
Let o = -2 - -6. Let p(v) = -3*v - 34. Let b be ((-12)/(-7))/(7/(-49)). Let n be p(b). What is the highest common divisor of o and n?
2
Let b(x) = -6811*x + 20883. Let n be b(3). Suppose -5*m - 87 = -2*l - 22, 80 = 5*l + 4*m. Calculate the highest common divisor of l and n.
10
Let i(j) = 52*j + 204. Let s be i(7). Suppose 5*l - 3*l = 142. What is the highest common divisor of s and l?
71
Let n = 67 - 67. Suppose n = -3*w - i + 122, -5*w + 2*i = -2*i - 192. Let t = 100 - w. Calculate the greatest common factor of 24 and 